n - 4 - 26. Let c(w) = 7 - 3 + 12*w - 3*w. Let a(x) = n*f(x) + 3*c(x). Determine a(2).
6
Suppose -16 = -0*c - 4*c. Suppose -4*g - 8 = 0, m - 2 = c*g + 3. Let y(v) = v**2 + 5*v - 1. Calculate y(m).
-7
Let z(f) = -f + 7. Let b be z(3). Suppose 4*x - 3*k = 32, 2*k - 40 + 8 = -b*x. Let a be 3/2 + (-4)/x. Let t(n) = 6*n**3 + n - 1. What is t(a)?
6
Let h(j) = -361*j - 364. Let q be h(-1). Let c(r) = 4*r - 12. Let p(k) = -3*k + 8. Let i(d) = -5*c(d) - 7*p(d). What is i(q)?
1
Let q(k) = -k**2 - 4*k + 2. Let h(y) = y**2 + 2*y - 4. Suppose 2*n + n + 6*n = 0. Let g be h(n). Give q(g).
2
Suppose 0 = 4*g + 5*l + 5, 4*g - 40 = 4*l. Suppose 4*h = a - 17, g*a + 30 = -4*h - 5. Let x(c) = -c**3 - 4*c**2 + 6*c. What is x(h)?
-5
Suppose -648 = -2*j - 3*g + 7*g, -4*j - 2*g + 1286 = 0. Let b(a) = -j + 2*a + 2*a + a**2 + 314. Give b(-7).
13
Let o(i) be the first derivative of -3*i**2/2 - i - 1. Let v = -116 + 119. Let g be (v - 4)/(-1 - -2). What is o(g)?
2
Let k(g) = 3*g**2 + 2*g - 6. Let a(v) = -v**2 + v. Let i(f) = -4*a(f) - k(f). Suppose 3*p + 2*l - 5 - 8 = 0, p + l = 4. Calculate i(p).
1
Let u(w) = 2*w**2 - 4*w. Let f be -10 + 9 + (0 - -5). What is u(f)?
16
Let m(z) = -2*z**3 + 7*z**2 - 5*z + 16. Let i(t) = -t**3 + 2*t**2 - t + 1. Let u(a) = -3*i(a) + m(a). Calculate u(0).
13
Let g(n) = -2*n**2 - 4*n + 4. Let o(q) = 2*q**2 - 13*q - 2. Let v(t) = 3*t**2 - 25*t - 5. Let y(h) = 5*o(h) - 3*v(h). Let w be y(-9). What is g(w)?
-12
Let r(i) = 8*i + 62. Let n be r(-8). Let b(s) be the second derivative of -s**4/3 - s**3/2 - s**2/2 - 4*s. Give b(n).
-11
Let j be (0 + 1)/(3/15). Let h be 2/j + (-228)/(-30). Let m = h + -5. Let x(p) = 2*p - 4. Determine x(m).
2
Suppose 0 = -5*x + 5*m + 20, x + m = -0 - 6. Let v = 11 - 8. Let z(p) = 9*p**3 + p + 6*p**v - 3*p**3 + p**2. Calculate z(x).
-12
Let z be -8 + (1 - 4/(-2)). Let h(w) = -27*w + 20. Let v(r) = 10*r - 7. Let i(x) = 4*h(x) + 11*v(x). Calculate i(z).
-7
Let m = -6 - 2. Let i(r) = -r**2 - 9*r - 11. Calculate i(m).
-3
Let b(q) = q**3 - 8*q**2 + 7*q + 7. Suppose 113 - 89 = 5*h + 3*u, 5*h = 2*u + 34. Calculate b(h).
-23
Suppose -5*m = v + 1, 6*v + 1 = 4*m + 5*v. Let f(d) = -1 + m*d + 4*d - 2*d**2 + d**2 + 2*d**2. Give f(-4).
-1
Let k(i) = 474 + 2*i - 457 - 2*i - i. Give k(8).
9
Let n be 4/(-10)*(1 - 6). Let m(g) = -6 - g**n - g**2 + 4*g + 3*g**2. What is m(-5)?
-1
Let p(o) = 21*o - 82*o - 2 + 29*o + 29*o - 1. Let s = -18 + 16. Calculate p(s).
3
Let u(x) = 16*x**2 - 11*x - 11. Let i(h) = 19*h**2 - 12*h - 12. Let q(y) = -5*i(y) + 6*u(y). Let w be (2 - 6)*(-6)/4. Determine q(w).
-6
Let r(u) = 2*u - 10*u + u**2 - 2*u**2 - 8. Suppose 0 = 2*o - 4*o - 72. Let b be (-8)/(-6)*162/o. Calculate r(b).
4
Let x(b) = -3*b**2 + 49*b - 19. Let h be x(16). Let p(o) = 7*o - 3. Determine p(h).
-24
Let d be (1 - 2)/((-1)/(-2)). Let z be d/8 + (-2)/(-8). Let s(k) = 10*k + 0 + z - 9*k. What is s(7)?
7
Let i be 1*9/6*(-4)/(-18). Let m(l) be the second derivative of 0 + 5*l + i*l**3 + 9/2*l**2. Calculate m(-6).
-3
Suppose 16*o - 7 + 23 = 0. Let k(a) = 4*a - 1. Determine k(o).
-5
Let d(x) be the third derivative of x**5/60 - 5*x**4/24 + 3*x**2. Suppose 2*f = -4, -3*b + 0*f = -2*f - 19. Give d(b).
0
Suppose -10 = 3*b - 19. Suppose 11*a - 32 = b*a. Let s(c) = c**2 - 3*c - 3. Determine s(a).
1
Let p(u) = u**2 - u - 5. Suppose 0 = -j - 0*j + 5. Suppose -2*r - 71 = j*y, -r = 4 - 1. Let h = y + 13. Calculate p(h).
-5
Let n = -36 - -75. Let u = 40 - n. Let o(r) = 6*r**3 + 2*r**2 - 2*r + 1. What is o(u)?
7
Let x(c) be the third derivative of c**4/6 - 5*c**3/6 + 5*c**2 - 6*c. Calculate x(9).
31
Let i(z) be the third derivative of -z**6/120 + z**5/20 + z**4/6 + z**2. Let x be -8 + 4 + 14 + (-24)/4. Give i(x).
0
Suppose 6*n + 1 = 7*n. Let b be 0 + (-1)/1 + -1. Let q = b - n. Let s(g) = 3*g + 4. Determine s(q).
-5
Let d(w) = -w**2 - 4*w - 4. Let v = 9 - 15. Let q be (-36)/12*40/v. Suppose -4*r = r + q. What is d(r)?
-4
Let u(k) be the third derivative of k**5/15 + k**4/8 + k**3/3 + k**2 + 42. Suppose r - 4 = 3*r. What is u(r)?
12
Let d(g) = g**2. Let w(r) = 7*r**2 + r - 1. Let f(u) = 6*d(u) - w(u). Let z = 9 - 10. Let s be (-46)/12 - z/(-6). Give f(s).
-11
Let h = -245 - -247. Let g(t) = -2*t**2 - 2*t - 1. Calculate g(h).
-13
Let b(v) = -5*v - 2. Let x(n) = n**3 + 6*n**2 - n - 1. Suppose 5*m + 39 = -4*k, k = -2*m - 9 - 3. Let f be x(k). Suppose d - 8 = f*d. Give b(d).
8
Let w(s) be the third derivative of s**6/120 - 17*s**5/60 - 19*s**4/24 + 7*s**3/2 - s**2 - 47. Give w(18).
3
Let v(z) = z - 3. Suppose -4*a + 8 = 4*a. Let s be v(a). Let w(g) = -5*g - 3. Calculate w(s).
7
Let p = 165 + -76. Let b = 91 - p. Let z(n) = -n**3 + n**2 + n - 1. Calculate z(b).
-3
Let g(o) = 14*o + 14. Let v(y) = -5*y - 5. Let k be ((-19)/(-57))/((-1)/(-33)). Let x(s) = k*v(s) + 4*g(s). Determine x(6).
7
Let n(y) = -3 - 5*y + 2*y**3 + 5*y**2 - 3*y + 3*y + 4*y. Let z(a) = 3*a**3 - 2*a - 4 - 2*a**2 + 4*a**2 + 5*a**2. Let j(m) = 8*n(m) - 5*z(m). Calculate j(-3).
8
Suppose -o = 2*d - 6, 0 = -0*o + 5*o. Let y(m) = 7*m**2 + 41*m**d - 89*m**3 + 47*m**3 - 3*m - 4. Calculate y(6).
14
Let l(g) = g**2 - 8*g + 5. Let p = 0 + 6. Let b be l(p). Let y(q) = q**3 + 8*q**2 + 7*q + 1. What is y(b)?
1
Suppose -3*c = 4*c. Let t(b) = 9*b**3 + 9 - 6*b**2 - 8*b**3 + c*b**3 - 9*b. Give t(7).
-5
Suppose -o - 5*j + 272 = 2, 4*o - 1080 = -5*j. Let y(n) = 0 + 0 - o*n + 1 + 272*n. Give y(-4).
-7
Let d = -23 - -23. Suppose 5*n + b + 7 - 3 = 0, b + 4 = d. Suppose -k - 2*q = n, -k + 4*q - 2*q = 0. Let p(i) = i**3 - i**2 + 1. Calculate p(k).
1
Let r = -7 - -9. Let t(p) be the second derivative of -p**5/10 + p**4/3 - p**3/2 - 6*p. Calculate t(r).
-6
Suppose 20 = 2*k - 0. Let r(l) = l**2 + 10*l - 8. Let d be r(-10). Let n = d + k. Let a(z) = -6*z + 3. Determine a(n).
-9
Let b be (-192)/(-8) - (3 + 1). Suppose i + 4*i + b = 0. Let h(y) = y + 6. Determine h(i).
2
Let v(q) = q + 1. Let z(p) = p**2 - 9*p - 7. Let d(w) = 4*v(w) + z(w). Let j = 10 + -5. Suppose 5*r = -0*r + j, 0 = -2*t + r + 9. What is d(t)?
-3
Let a(t) be the third derivative of -t**5/30 - 23*t**4/24 - 16*t**3/3 - 57*t**2. Calculate a(-10).
-2
Suppose 17 = 5*r - 13. Let u be -5 + 14/r*3. Let g(t) = t**3 - t**2 + 3*t - 3. Calculate g(u).
7
Let f(b) = -b - 5. Let n(z) = -z**3 + z**2 + 4*z + 1. Let o(g) = g**2 + 5*g + 1. Let a(k) = -4*n(k) + 3*o(k). Let i be a(-1). What is f(i)?
0
Let q(s) be the third derivative of 7*s**5/60 - s**4/24 - s**3/6 + 2*s**2. Let c(g) = 42*g - 3613. Let m be c(86). Calculate q(m).
7
Let i(l) = 0*l - 2 + l - 6. Let o(x) = -x - 25. Let v(u) = 6*u + 174. Let a(j) = 15*o(j) + 2*v(j). Let t be a(-9). What is i(t)?
-8
Let v(k) = -2*k - 4. Let b be (-6)/((-6)/5) - 3. Suppose x + q - 7 = -b*q, 11 = x + 4*q. Give v(x).
6
Let k(h) = 38*h - 9 - 37*h + 9. Determine k(-7).
-7
Let k be 102/85*(3 + 395/(-15)). Let s(p) = 2*p + 63. Determine s(k).
7
Let l(m) = -4*m**2 - m - 10. Let n(r) = 3*r**2 + 9. Let x(u) = -4*l(u) - 5*n(u). Give x(-6).
7
Let h(k) = k + 12. Let v(i) = i**2 - 20*i + 19. Let r be v(1). Give h(r).
12
Let g(v) = 5 - 2 - 8*v**2 - 4*v - 271*v**3 + 270*v**3. What is g(-7)?
-18
Let c = -7 + 10. Let o(m) = m**2 - m**3 + 3 - 3*m**2 + 2*m**3 - m - c*m. Suppose 20*n + 11*n - 93 = 0. What is o(n)?
0
Let g(w) = 2*w. Let d be (-12)/78 + (-54)/(-13). Suppose 3*n = -6, -3*v + 7*n + 54 = d*n. Suppose 3*y - y = -4*p - v, -3*y - 4*p - 14 = 0. Determine g(y).
4
Let q(s) be the first derivative of s**3/3 + s - 7. Let g be 1*2 - (8 + -4). Let n be 10/(-5) - (1 + g). What is q(n)?
2
Let r(h) be the first derivative of h**7/840 + h**6/90 + h**5/60 - h**4/12 - 32*h**3/3 + 20. Let n(x) be the third derivative of r(x). What is n(-2)?
2
Let n(u) = u**2 + u - 6. Let i = 14 - 11. Suppose -p = -2*g + i, -g + 4 - 34 = -5*p. Let z = -7 + p. Determine n(z).
-6
Let b(r) = -4*r + 2. Let y(i) be the first derivative of i**2/2 - 10. Let h(l) = -b(l) - 2*y(l). Give h(-2).
-6
Let b(d) be the second derivative of -d**3/6 + 2*d**2 - 3*d + 3. Suppose h = 2*z + 6*h - 22, 5*z - 38 = -4*h. Calculate b(z).
-2
Let n(b) be the second derivative of -b**4/12 - b**3/6 + 3*b**2/2 + 125*b. What is n(4)?
-17
Suppose -5*k = -6*k - 12. Let b be 4/(-6) + (-92)/k. Let f(a) = b*a**3 + 11 - a - 11. Calculate f(-1).
-6
Let k(y) = 6*y + 3*y + 9*y - 14*y. Suppose -3*l = 3*q - 10 - 5, 0 =